{"id":919,"date":"2023-08-07T09:15:18","date_gmt":"2023-08-07T07:15:18","guid":{"rendered":"http:\/\/opeldanubia.hu\/?page_id=919"},"modified":"2023-08-07T09:20:54","modified_gmt":"2023-08-07T07:20:54","slug":"autoalkatresz-beszerzes","status":"publish","type":"page","link":"https:\/\/opeldanubia.hu\/index.php\/autoalkatresz-beszerzes\/","title":{"rendered":"Aut\u00f3alkatr\u00e9sz beszerz\u00e9s"},"content":{"rendered":"<p>[et_pb_section fb_built=&#8221;1&#8243; theme_builder_area=&#8221;post_content&#8221; _builder_version=&#8221;4.21.2&#8243; _module_preset=&#8221;default&#8221;][et_pb_row _builder_version=&#8221;4.21.2&#8243; _module_preset=&#8221;default&#8221; column_structure=&#8221;1_2,1_2&#8243; theme_builder_area=&#8221;post_content&#8221;][et_pb_column _builder_version=&#8221;4.21.2&#8243; _module_preset=&#8221;default&#8221; type=&#8221;1_2&#8243; theme_builder_area=&#8221;post_content&#8221;][et_pb_image src=&#8221;http:\/\/opeldanubia.hu\/wp-content\/uploads\/2023\/08\/autoalkatresz-beszer.webp&#8221; _builder_version=&#8221;4.21.2&#8243; _module_preset=&#8221;default&#8221; theme_builder_area=&#8221;post_content&#8221; hover_enabled=&#8221;0&#8243; sticky_enabled=&#8221;0&#8243;][\/et_pb_image][\/et_pb_column][et_pb_column _builder_version=&#8221;4.21.2&#8243; _module_preset=&#8221;default&#8221; type=&#8221;1_2&#8243; theme_builder_area=&#8221;post_content&#8221;][et_pb_text _builder_version=&#8221;4.21.2&#8243; _module_preset=&#8221;default&#8221; theme_builder_area=&#8221;post_content&#8221; header_font=&#8221;Oswald|600|||||||&#8221; header_text_color=&#8221;#EFBF3A&#8221; header_font_size_last_edited=&#8221;on|desktop&#8221; header_font_size=&#8221;40px&#8221; hover_enabled=&#8221;0&#8243; sticky_enabled=&#8221;0&#8243; custom_padding=&#8221;||||false|false&#8221; custom_margin=&#8221;||0px||false|false&#8221; header_font_size_phone=&#8221;20px&#8221; header_font_size_tablet=&#8221;40px&#8221;]<\/p>\n<h1>Aut\u00f3alkatr\u00e9sz beszerz\u00e9s<\/h1>\n<p>[\/et_pb_text][et_pb_divider _builder_version=&#8221;4.21.2&#8243; _module_preset=&#8221;default&#8221; theme_builder_area=&#8221;post_content&#8221; color=&#8221;#080C2B&#8221; divider_weight=&#8221;4px&#8221; width=&#8221;20%&#8221; hover_enabled=&#8221;0&#8243; sticky_enabled=&#8221;0&#8243;][\/et_pb_divider][et_pb_text _builder_version=&#8221;4.21.2&#8243; _module_preset=&#8221;default&#8221; theme_builder_area=&#8221;post_content&#8221; hover_enabled=&#8221;0&#8243; sticky_enabled=&#8221;0&#8243; text_orientation=&#8221;justified&#8221;]<\/p>\n<p>Az aut\u00f3alkatr\u00e9szek beszerz\u00e9se sok aut\u00f3tulajdonos sz\u00e1m\u00e1ra kih\u00edv\u00e1st jelenthet. A megfelel\u0151 alkatr\u00e9sz kiv\u00e1laszt\u00e1sa \u00e9s a legjobb forr\u00e1s megtal\u00e1l\u00e1sa nem mindig k\u00f6nny\u0171 feladat. Ebben a cikkben \u00e1ttekintj\u00fck, hogy hol \u00e9s hogyan \u00e9rdemes aut\u00f3alkatr\u00e9szeket beszerezni, valamint megosztunk n\u00e9h\u00e1ny hasznos v\u00e1s\u00e1rl\u00e1si tippet.<\/p>\n<p>[\/et_pb_text][\/et_pb_column][\/et_pb_row][et_pb_row _builder_version=&#8221;4.21.2&#8243; _module_preset=&#8221;default&#8221; theme_builder_area=&#8221;post_content&#8221;][et_pb_column _builder_version=&#8221;4.21.2&#8243; _module_preset=&#8221;default&#8221; type=&#8221;4_4&#8243; theme_builder_area=&#8221;post_content&#8221;][et_pb_text _builder_version=&#8221;4.21.2&#8243; _module_preset=&#8221;default&#8221; theme_builder_area=&#8221;post_content&#8221; text_orientation=&#8221;justified&#8221; hover_enabled=&#8221;0&#8243; sticky_enabled=&#8221;0&#8243;]<\/p>\n<p>Az aut\u00f3alkatr\u00e9szek beszerz\u00e9s\u00e9nek egyik legjobb forr\u00e1sa az aut\u00f3alkatr\u00e9sz-keresked\u00e9sek \u00e9s szak\u00fczletek. Ezek a helyek \u00e1ltal\u00e1ban sz\u00e9les v\u00e1laszt\u00e9kot k\u00edn\u00e1lnak az alkatr\u00e9szekb\u0151l, \u00e9s szak\u00e9rt\u0151i tan\u00e1csokkal is seg\u00edtenek a megfelel\u0151 alkatr\u00e9sz kiv\u00e1laszt\u00e1s\u00e1ban. Emellett gyakran rendelkeznek garanci\u00e1val is, ami biztos\u00edtja, hogy ha valami probl\u00e9ma mer\u00fcl fel az alkatr\u00e9sszel, akkor cser\u00e9lni vagy visszat\u00e9r\u00edteni tudj\u00e1k azt.<\/p>\n<p>Egy m\u00e1sik lehet\u0151s\u00e9g az aut\u00f3alkatr\u00e9szek online v\u00e1s\u00e1rl\u00e1sa. Az interneten sz\u00e1mos weboldal \u00e9s online piact\u00e9r tal\u00e1lhat\u00f3, ahol aut\u00f3alkatr\u00e9szeket lehet v\u00e1s\u00e1rolni. Az online v\u00e1s\u00e1rl\u00e1snak sz\u00e1mos el\u0151nye van, p\u00e9ld\u00e1ul a k\u00e9nyelem \u00e9s a sz\u00e9les v\u00e1laszt\u00e9k. Azonban fontos, hogy csak megb\u00edzhat\u00f3 \u00e9s hiteles weboldalakr\u00f3l v\u00e1s\u00e1roljunk, hogy elker\u00fclj\u00fck a hamis\u00edtv\u00e1nyokat \u00e9s a rossz min\u0151s\u00e9g\u0171 alkatr\u00e9szeket.<\/p>\n<p>Egy m\u00e1sik lehet\u0151s\u00e9g az aut\u00f3alkatr\u00e9szek bont\u00f3kb\u00f3l val\u00f3 beszerz\u00e9se. A bont\u00f3kban haszn\u00e1lt aut\u00f3kb\u00f3l sz\u00e1rmaz\u00f3 alkatr\u00e9szeket lehet v\u00e1s\u00e1rolni j\u00f3val olcs\u00f3bb \u00e1ron, mint az \u00faj alkatr\u00e9szeket. Azonban fontos, hogy alaposan ellen\u0151rizz\u00fck az alkatr\u00e9szeket, miel\u0151tt megv\u00e1s\u00e1roln\u00e1nk \u0151ket, hogy biztosak lehess\u00fcnk a min\u0151s\u00e9g\u00fckben \u00e9s a m\u0171k\u00f6d\u0151k\u00e9pess\u00e9g\u00fckben.<\/p>\n<p>Amikor aut\u00f3alkatr\u00e9szeket v\u00e1s\u00e1rolunk, fontos figyelembe venni az aut\u00f3 t\u00edpus\u00e1t \u00e9s az alkatr\u00e9sz specifik\u00e1ci\u00f3it. Minden aut\u00f3hoz m\u00e1s \u00e9s m\u00e1s alkatr\u00e9szek kellenek, ez\u00e9rt fontos, hogy pontosan tudjuk, milyen alkatr\u00e9szekre van sz\u00fcks\u00e9g\u00fcnk. Ha bizonytalanok vagyunk, \u00e9rdemes konzult\u00e1lni egy szakemberrel vagy az aut\u00f3gy\u00e1rt\u00f3val, hogy megbizonyosodjunk arr\u00f3l, hogy a megv\u00e1s\u00e1rolt alkatr\u00e9sz megfelel\u0151 lesz az aut\u00f3nkhoz.<\/p>\n<p><strong>V\u00e1s\u00e1rl\u00e1si tippek aut\u00f3alkatr\u00e9szekhez:<\/strong><\/p>\n<p>1. K\u00e9sz\u00edtsen list\u00e1t azokr\u00f3l az alkatr\u00e9szekr\u0151l, amelyekre sz\u00fcks\u00e9ge van, \u00e9s ellen\u0151rizze, hogy milyen t\u00edpus\u00fa aut\u00f3hoz val\u00f3k.<br \/>2. Keresse fel az aut\u00f3alkatr\u00e9sz-keresked\u00e9seket \u00e9s szak\u00fczleteket, hogy megn\u00e9zze, milyen v\u00e1laszt\u00e9kot k\u00edn\u00e1lnak, \u00e9s k\u00e9rjen tan\u00e1csot a megfelel\u0151 alkatr\u00e9sz kiv\u00e1laszt\u00e1s\u00e1hoz.<br \/>3. Keresse fel az online aut\u00f3alkatr\u00e9sz-keresked\u00e9seket, de gy\u0151z\u0151dj\u00f6n meg arr\u00f3l, hogy megb\u00edzhat\u00f3 \u00e9s hiteles weboldalr\u00f3l v\u00e1s\u00e1rol.<br \/>4. Ha szeretne sp\u00f3rolni, n\u00e9zzen k\u00f6r\u00fcl a bont\u00f3kban is, de ellen\u0151rizze az alkatr\u00e9szek min\u0151s\u00e9g\u00e9t \u00e9s m\u0171k\u00f6d\u0151k\u00e9pess\u00e9g\u00e9t.<br \/>5. Ne feledje, hogy az alkatr\u00e9szek min\u0151s\u00e9ge \u00e9s megb\u00edzhat\u00f3s\u00e1ga fontos, ez\u00e9rt ne csak az \u00e1rat vegye figyelembe a v\u00e1s\u00e1rl\u00e1s sor\u00e1n.<\/p>\n<p>\u00d6sszess\u00e9g\u00e9ben, az aut\u00f3alkatr\u00e9szek beszerz\u00e9se nem mindig k\u00f6nny\u0171 feladat, de ha tudjuk, hogy hol \u00e9s hogyan keress\u00fck \u0151ket, akkor sokkal k\u00f6nnyebb\u00e9 tehetj\u00fck a folyamatot. Az aut\u00f3alkatr\u00e9sz-keresked\u00e9sek, az online v\u00e1s\u00e1rl\u00e1s \u00e9s a bont\u00f3k mind j\u00f3 lehet\u0151s\u00e9gek az alkatr\u00e9szek beszerz\u00e9s\u00e9re. Fontos azonban, hogy alaposan ellen\u0151rizz\u00fck az alkatr\u00e9szeket, \u00e9s konzult\u00e1ljunk szak\u00e9rt\u0151kkel, hogy biztosak lehess\u00fcnk a megfelel\u0151 alkatr\u00e9sz kiv\u00e1laszt\u00e1s\u00e1ban.<\/p>\n<p>[\/et_pb_text][\/et_pb_column][\/et_pb_row][\/et_pb_section]<\/p>\n","protected":false},"excerpt":{"rendered":"<p>Aut\u00f3alkatr\u00e9sz beszerz\u00e9sAz aut\u00f3alkatr\u00e9szek beszerz\u00e9se sok aut\u00f3tulajdonos sz\u00e1m\u00e1ra kih\u00edv\u00e1st jelenthet. A megfelel\u0151 alkatr\u00e9sz kiv\u00e1laszt\u00e1sa \u00e9s a legjobb forr\u00e1s megtal\u00e1l\u00e1sa nem mindig k\u00f6nny\u0171 feladat. Ebben a cikkben \u00e1ttekintj\u00fck, hogy hol \u00e9s hogyan \u00e9rdemes aut\u00f3alkatr\u00e9szeket beszerezni, valamint megosztunk n\u00e9h\u00e1ny hasznos v\u00e1s\u00e1rl\u00e1si tippet.Az aut\u00f3alkatr\u00e9szek beszerz\u00e9s\u00e9nek egyik legjobb forr\u00e1sa az aut\u00f3alkatr\u00e9sz-keresked\u00e9sek \u00e9s szak\u00fczletek. Ezek a helyek \u00e1ltal\u00e1ban sz\u00e9les v\u00e1laszt\u00e9kot k\u00edn\u00e1lnak [&hellip;]<\/p>\n","protected":false},"author":1,"featured_media":0,"parent":0,"menu_order":0,"comment_status":"closed","ping_status":"closed","template":"","meta":{"_et_pb_use_builder":"on","_et_pb_old_content":"","_et_gb_content_width":"","inline_featured_image":false,"footnotes":""},"_links":{"self":[{"href":"https:\/\/opeldanubia.hu\/index.php\/wp-json\/wp\/v2\/pages\/919"}],"collection":[{"href":"https:\/\/opeldanubia.hu\/index.php\/wp-json\/wp\/v2\/pages"}],"about":[{"href":"https:\/\/opeldanubia.hu\/index.php\/wp-json\/wp\/v2\/types\/page"}],"author":[{"embeddable":true,"href":"https:\/\/opeldanubia.hu\/index.php\/wp-json\/wp\/v2\/users\/1"}],"replies":[{"embeddable":true,"href":"https:\/\/opeldanubia.hu\/index.php\/wp-json\/wp\/v2\/comments?post=919"}],"version-history":[{"count":3,"href":"https:\/\/opeldanubia.hu\/index.php\/wp-json\/wp\/v2\/pages\/919\/revisions"}],"predecessor-version":[{"id":937,"href":"https:\/\/opeldanubia.hu\/index.php\/wp-json\/wp\/v2\/pages\/919\/revisions\/937"}],"wp:attachment":[{"href":"https:\/\/opeldanubia.hu\/index.php\/wp-json\/wp\/v2\/media?parent=919"}],"curies":[{"name":"wp","href":"https:\/\/api.w.org\/{rel}","templated":true}]}}